{"id":1696,"date":"2021-04-02T22:08:04","date_gmt":"2021-04-02T20:08:04","guid":{"rendered":"https:\/\/www.stadtkleid.at\/online-shop\/?post_type=product&#038;p=1696"},"modified":"2021-04-02T22:31:48","modified_gmt":"2021-04-02T20:31:48","slug":"kissenhuelle-gefranst","status":"publish","type":"product","link":"https:\/\/www.stadtkleid.at\/online-shop\/produkt\/kissenhuelle-gefranst\/","title":{"rendered":"Kissenh\u00fclle gefranst"},"content":{"rendered":"<p>Diese Kissenh\u00fclle ist sehr hochwertig und perfekt f\u00fcr den Garten oder Balkon!<\/p>\n","protected":false},"excerpt":{"rendered":"<p>Facts:<\/p>\n<ul>\n<li>\u00a051 x 51 cm<\/li>\n<li>40% Baumwolle, 35% Modal, 25% Leinen<\/li>\n<li>waschbar bei 60\u00b0C<\/li>\n<\/ul>\n","protected":false},"featured_media":1700,"comment_status":"open","ping_status":"closed","template":"","meta":[],"_links":{"self":[{"href":"https:\/\/www.stadtkleid.at\/online-shop\/wp-json\/wp\/v2\/product\/1696"}],"collection":[{"href":"https:\/\/www.stadtkleid.at\/online-shop\/wp-json\/wp\/v2\/product"}],"about":[{"href":"https:\/\/www.stadtkleid.at\/online-shop\/wp-json\/wp\/v2\/types\/product"}],"replies":[{"embeddable":true,"href":"https:\/\/www.stadtkleid.at\/online-shop\/wp-json\/wp\/v2\/comments?post=1696"}],"wp:featuredmedia":[{"embeddable":true,"href":"https:\/\/www.stadtkleid.at\/online-shop\/wp-json\/wp\/v2\/media\/1700"}],"wp:attachment":[{"href":"https:\/\/www.stadtkleid.at\/online-shop\/wp-json\/wp\/v2\/media?parent=1696"}],"curies":[{"name":"wp","href":"https:\/\/api.w.org\/{rel}","templated":true}]}}