{"id":1727,"date":"2021-04-15T17:38:15","date_gmt":"2021-04-15T15:38:15","guid":{"rendered":"https:\/\/www.stadtkleid.at\/online-shop\/?post_type=product&#038;p=1727"},"modified":"2021-04-15T17:40:56","modified_gmt":"2021-04-15T15:40:56","slug":"kissenhuelle-mit-muster-grau","status":"publish","type":"product","link":"https:\/\/www.stadtkleid.at\/online-shop\/produkt\/kissenhuelle-mit-muster-grau\/","title":{"rendered":"Kissenh\u00fclle mit Muster grau"},"content":{"rendered":"<p>Diese Kissenh\u00fclle ist sehr hochwertig und perfekt f\u00fcr den Garten oder Balkon!<\/p>\n","protected":false},"excerpt":{"rendered":"<p>Facts:<\/p>\n<ul>\n<li>\u00a051 x 51 cm<\/li>\n<li>100% Baumwolle<\/li>\n<li>waschbar bei 40\u00b0C<\/li>\n<\/ul>\n","protected":false},"featured_media":1732,"comment_status":"open","ping_status":"closed","template":"","meta":[],"_links":{"self":[{"href":"https:\/\/www.stadtkleid.at\/online-shop\/wp-json\/wp\/v2\/product\/1727"}],"collection":[{"href":"https:\/\/www.stadtkleid.at\/online-shop\/wp-json\/wp\/v2\/product"}],"about":[{"href":"https:\/\/www.stadtkleid.at\/online-shop\/wp-json\/wp\/v2\/types\/product"}],"replies":[{"embeddable":true,"href":"https:\/\/www.stadtkleid.at\/online-shop\/wp-json\/wp\/v2\/comments?post=1727"}],"wp:featuredmedia":[{"embeddable":true,"href":"https:\/\/www.stadtkleid.at\/online-shop\/wp-json\/wp\/v2\/media\/1732"}],"wp:attachment":[{"href":"https:\/\/www.stadtkleid.at\/online-shop\/wp-json\/wp\/v2\/media?parent=1727"}],"curies":[{"name":"wp","href":"https:\/\/api.w.org\/{rel}","templated":true}]}}