{"id":1900,"date":"2021-12-06T14:52:15","date_gmt":"2021-12-06T13:52:15","guid":{"rendered":"https:\/\/www.stadtkleid.at\/online-shop\/?post_type=product&#038;p=1900"},"modified":"2021-12-06T14:55:15","modified_gmt":"2021-12-06T13:55:15","slug":"hier-spielt-das-leben-3d-schriftzug-gold","status":"publish","type":"product","link":"https:\/\/www.stadtkleid.at\/online-shop\/produkt\/hier-spielt-das-leben-3d-schriftzug-gold\/","title":{"rendered":"&#8222;Hier spielt das Leben&#8220; 3D Schriftzug gold"},"content":{"rendered":"<p>Sag es in 3D!<\/p>\n<p>Versch\u00f6nere deine R\u00e4ume mit Schriftz\u00fcgen und Motiven, die inspirierende und positive Botschaften enthalten! Auch perfekt geeignet als Weihnachts-, Geburtstags-, oder Hochzeitsgeschenk.<\/p>\n","protected":false},"excerpt":{"rendered":"<p>Facts:<\/p>\n<ul>\n<li>made in Germany<\/li>\n<li>Material: Echtholz<\/li>\n<\/ul>\n","protected":false},"featured_media":1901,"comment_status":"open","ping_status":"closed","template":"","meta":[],"_links":{"self":[{"href":"https:\/\/www.stadtkleid.at\/online-shop\/wp-json\/wp\/v2\/product\/1900"}],"collection":[{"href":"https:\/\/www.stadtkleid.at\/online-shop\/wp-json\/wp\/v2\/product"}],"about":[{"href":"https:\/\/www.stadtkleid.at\/online-shop\/wp-json\/wp\/v2\/types\/product"}],"replies":[{"embeddable":true,"href":"https:\/\/www.stadtkleid.at\/online-shop\/wp-json\/wp\/v2\/comments?post=1900"}],"wp:featuredmedia":[{"embeddable":true,"href":"https:\/\/www.stadtkleid.at\/online-shop\/wp-json\/wp\/v2\/media\/1901"}],"wp:attachment":[{"href":"https:\/\/www.stadtkleid.at\/online-shop\/wp-json\/wp\/v2\/media?parent=1900"}],"curies":[{"name":"wp","href":"https:\/\/api.w.org\/{rel}","templated":true}]}}